440 - 1428. Calculate the remainder when a is divided by j(8).
4
Suppose -v + 3*v = -5*q - 213, -q + 3*v - 46 = 0. Let z = 64 + q. What is the remainder when 41 is divided by z?
20
Let a = -89 - -237. What is the remainder when 1*-2*a/(-8) is divided by 13?
11
Let r = -558 + 727. What is the remainder when r is divided by 63?
43
Let u be (-86)/(-7) + 8/(-28). Let j be (u/(-5))/(12/(-210)). Calculate the remainder when (-1)/3*(-6 - j) is divided by 6.
4
Suppose 2*g + 4*a = -0*a + 54, 27 = g - a. Suppose j - 9 + 8 = 0. Calculate the remainder when j/((-1)/1)*-78 is divided by g.
24
Let g(k) = 16*k**2 + k - 2. Suppose -78*r = -86*r + 184. What is the remainder when g(2) is divided by r?
18
Let f = -107 + 316. Calculate the remainder when f is divided by 15.
14
What is the remainder when (67/(-7)*-7)/(0 + 1) is divided by 10?
7
Suppose a = 5*d + 4*a - 115, 0 = 4*d + 4*a - 100. Let c = -5 + 17. What is the remainder when d is divided by c?
8
Let u(m) = -m**2 - 9*m - 8. Let w be u(-7). Let r be w/12*(-1 - -1). Suppose k = -r*k + 34. Calculate the remainder when k is divided by 9.
7
Let k(a) = -2*a**2 - 20*a + 4. Let o be k(-10). What is the remainder when (o/5)/((-12)/(-60)) - -39 is divided by 23?
20
Suppose -12*f + 39 + 381 = 0. Calculate the remainder when 68 is divided by f.
33
Let u = -6 - 2. Suppose 45 = -3*p + 108. What is the remainder when p is divided by (4/1 + 2)*u/(-6)?
5
Let o = -93 - -113. What is the remainder when o is divided by 5?
0
Let o(b) = -b**3 + 10*b**2 + 12*b - 27. What is the remainder when o(8) is divided by 32?
5
Let h = 58 - 44. Calculate the remainder when h is divided by 7*1 + (-6 - -5).
2
Let r(y) = y**2 - 37*y - 553. Calculate the remainder when r(49) is divided by 5/(-3)*(-10 - -4).
5
Let z(g) = g**3 + 24*g**2 + 70*g - 21. Calculate the remainder when z(-20) is divided by 47.
38
Let l = -608 - -809. What is the remainder when l is divided by 69?
63
Suppose 6*t - 152 = 436. Suppose 3*z + 3*g = 2*g + t, 20 = -5*g. What is the remainder when z is divided by 7?
6
Let q = -259 + 277. Calculate the remainder when 86 is divided by q.
14
Suppose 0 = -26*i + 12*i + 2128. Calculate the remainder when i is divided by 17.
16
Let n(t) = 3*t + 2. Let u = -2 + 4. Calculate the remainder when n(u) is divided by (4 - 0) + (-96)/12 + 7.
2
Let y = 247 + -160. What is the remainder when y is divided by 22?
21
Suppose 2*g - 3 - 1 = 0. Suppose g*x - 40 = -2*m, 2*m - 6 - 4 = 4*x. What is the remainder when m is divided by (-13 + 23)*-1 + 14?
3
Suppose 162 = 816*i - 807*i. Let z(g) = 2*g**2 + 3*g + 3. What is the remainder when z(5) is divided by i?
14
Suppose -2*d = -3*l + 23, -4*d = -6*l + 4*l + 18. Calculate the remainder when 216 is divided by l.
6
Let l(s) = -s**2 + 6*s + 9. Let f be l(7). Let r(u) = 2*u**2 - 23*u + 16. What is the remainder when f*7 - (0 - -1) is divided by r(11)?
3
Calculate the remainder when ((-1 - 4)/5)/(2/(-64)) is divided by 32.
0
Let q = 117 - 103. Calculate the remainder when 68 is divided by q.
12
Suppose 17*b - 14*b = -249. Let n = -72 - b. What is the remainder when 13 is divided by n?
2
Suppose 0 = -5*u + 3*j + 262, -j = -u + 2*j + 62. What is the remainder when u is divided by 16?
2
Let r = -2426 + 2463. What is the remainder when 403 is divided by r?
33
Let c(a) = a**3 + 9*a**2 - 8*a + 4. Let x be c(-10). Suppose -16 - 19 = -5*p. Let i = p - x. Calculate the remainder when i is divided by 12.
11
Let v = 105 - 101. Suppose -336 = -3*t + 3*b, v*b + 226 = 4*t - 2*t. Calculate the remainder when t is divided by 8.
7
What is the remainder when 5 + 1278/(-12)*(-2)/3 is divided by 14?
6
Let q(w) = 18*w - 41. What is the remainder when q(5) is divided by 45?
4
Let j = 2446 - 2392. What is the remainder when 319 is divided by j?
49
Suppose 5*w - 156 = -101. Calculate the remainder when 33 is divided by w.
0
Suppose 8*q = 11*q - 6. Suppose -5*d = 4*v + 125 - 373, 2*v + 110 = q*d. Suppose 2*m = 4*m - d. Calculate the remainder when m is divided by 9.
8
Suppose 10 = -2*o + 6. Calculate the remainder when (84/(-2) + o)/(-2) is divided by 12.
10
Let b(w) = w**2 + w + 7. Let v(t) = -15*t**2 - 263*t - 109. What is the remainder when v(-17) is divided by b(0)?
6
Let s be (-186)/4*8/(-12). Let y = s - 16. What is the remainder when 74 is divided by y?
14
Let f = 1196 - 1145. Let z(t) = 5*t - 2. Calculate the remainder when f is divided by z(3).
12
Suppose 1 - 41 = 5*f. Let j = 11 - -6. Let d = f + j. Calculate the remainder when d is divided by 5.
4
Let h(j) = -11*j - 3. Suppose u = 3*u + 6. What is the remainder when h(u) is divided by 12?
6
Suppose 4*m = -o + m, -4*o - m = 33. Let v(n) = 2*n + 12. Let u be v(o). Calculate the remainder when 17 is divided by (-30)/(-4)*(-4)/u.
2
Suppose 0 = b - g - 80, -390 = -5*b + 14*g - 19*g. What is the remainder when b is divided by 38?
3
Let x(p) = p**2 + 12*p + 44. Calculate the remainder when x(-10) is divided by 24.
0
Let a = -37 - -40. Suppose -c = 3*y - 4*y - a, -4*c + y = -18. Calculate the remainder when c is divided by 2.
1
Calculate the remainder when 27 is divided by (-1)/(-4) + (-95)/(-20) + 3.
3
Let k = 65 - 58. What is the remainder when 27 is divided by k?
6
Suppose -f + 125 = 4*f. Calculate the remainder when 94 is divided by f.
19
Let z = 4121 + -2863. Calculate the remainder when z is divided by 70.
68
Let r(c) = 40*c**2 - c. Let i(d) = 4*d**2 - 20*d - 14. Calculate the remainder when r(1) is divided by i(6).
9
Let f(i) = -2*i**2 - 19*i + 22. Calculate the remainder when f(-8) is divided by 6.
4
Suppose 4*q - 5*t + 9*t - 88 = 0, -4*t - 120 = -4*q. What is the remainder when 42 is divided by q?
16
Let c = -85 - -134. Calculate the remainder when c is divided by 49.
0
Let u(f) = -22*f + 33. What is the remainder when u(-4) is divided by 31?
28
Suppose 115 = 11*u - 83. What is the remainder when 82 is divided by u?
10
Let a(v) = -v + 35. Suppose -253 = -0*x - 5*x - y, -5*x + 4*y = -238. Calculate the remainder when x is divided by a(17).
14
Let d = -3 - -14. Suppose 10*o - 725 + 185 = 0. Calculate the remainder when o is divided by d.
10
Let x = 216 + -139. Calculate the remainder when 225 is divided by x.
71
Suppose 0 = -r + b - 3*b + 25, -4*r + 3*b = -122. Suppose -y + 21 = -r. Let t = 70 - 57. What is the remainder when y is divided by t?
11
Let u = 19 - 14. Suppose -180 = u*k - 10*k + 4*f, -4*k = 5*f - 185. What is the remainder when (-5)/(k/(-36) - -1) is divided by 10?
5
Suppose 2*b + 5*o = 7*b - 220, -4*o - 135 = -3*b. Calculate the remainder when b is divided by 7.
6
Let m(x) = x**2 - x - 1. Let j = 11 + -18. Let c = j - -5. What is the remainder when 9 is divided by m(c)?
4
Suppose 3*o - 78 = 2*o. Let m = -1 + 21. Suppose 4*p - 5*p + m = 0. Calculate the remainder when o is divided by p.
18
Let x be (0*(-1)/1)/2. Let c be 5 + x/1 + 4. Suppose -5*b + 56 = u, -43 + c = -3*b - u. What is the remainder when 53 is divided by b?
9
Let w = 113 - 76. Let n(q) be the third derivative of q**5/60 + q**4/8 - 4*q**3/3 + 2*q**2. Calculate the remainder when w is divided by n(-6).
7
Suppose -3*b + j + 128 = b, 0 = 5*b + 4*j - 160. Suppose -5*m + 2*s = -49 - 34, s = m - 16. Calculate the remainder when b is divided by m.
15
Let q(u) = u**2 + 18*u + 134. Calculate the remainder when q(-14) is divided by 9.
6
Suppose -42*q = -49*q + 833. Calculate the remainder when q is divided by 26.
15
Suppose -154*v = -169*v + 2085. What is the remainder when v is divided by 48?
43
Let p(l) = 56*l**2 - l. Let b = 69 + -30. Let f = b - 20. What is the remainder when p(1) is divided by f?
17
Let n = -406 + 411. What is the remainder when n is divided by 5?
0
Suppose -z + 295 = 130. What is the remainder when z is divided by 57?
51
Calculate the remainder when 73 is divided by 39/(-273) + 366/14.
21
Let v(x) = x**2 + 19*x + 103. What is the remainder when 1516 is divided by v(-7)?
15
Suppose 13*t + 50 = 3*t. Calculate the remainder when 38 is divided by (5/t)/((-1)/13).
12
Let c(b) = -2*b - 3. Let z(i) = i + 14. Let g be z(5). Calculate the remainder when (-16)/(-1) - (-19)/g is divided by c(-4).
2
Let l(r) = -r**3 - 4*r**2 + 4*r - 2. Let i be l(-5). What is the remainder when 65/i + (-12)/18 is divided by 8?
5
Let t = -18 + 37. Let x = 21 + t. Calculate the remainder when x is divided 